{"id":20,"date":"2025-05-21T09:25:16","date_gmt":"2025-05-21T09:25:16","guid":{"rendered":"https:\/\/prm4903a.mmiweb.iut-tlse3.fr\/coliv-castres\/?page_id=20"},"modified":"2025-06-28T14:08:52","modified_gmt":"2025-06-28T14:08:52","slug":"vivre-ici","status":"publish","type":"page","link":"https:\/\/coliv-castres.com\/?page_id=20","title":{"rendered":"Vivre ici"},"content":{"rendered":"\t\t<div data-elementor-type=\"wp-page\" data-elementor-id=\"20\" class=\"elementor elementor-20\" data-elementor-post-type=\"page\">\n\t\t\t\t<div class=\"elementor-element elementor-element-16af457 e-con-full e-flex wpr-particle-no wpr-jarallax-no wpr-parallax-no wpr-sticky-section-no wpr-equal-height-no e-con e-parent\" data-id=\"16af457\" data-element_type=\"container\" data-e-type=\"container\" data-settings=\"{&quot;background_background&quot;:&quot;classic&quot;}\">\n\t\t\t\t<div class=\"elementor-element elementor-element-c2ef242 elementor-widget elementor-widget-heading\" data-id=\"c2ef242\" data-element_type=\"widget\" data-e-type=\"widget\" data-widget_type=\"heading.default\">\n\t\t\t\t<div class=\"elementor-widget-container\">\n\t\t\t\t\t<h2 class=\"elementor-heading-title elementor-size-default\">Vivre ici<\/h2>\t\t\t\t<\/div>\n\t\t\t\t<\/div>\n\t\t\t\t<div class=\"elementor-element elementor-element-159d82f elementor-widget elementor-widget-text-editor\" data-id=\"159d82f\" data-element_type=\"widget\" data-e-type=\"widget\" data-widget_type=\"text-editor.default\">\n\t\t\t\t<div class=\"elementor-widget-container\">\n\t\t\t\t\t\t\t\t\t<p>Photo by <a href=\"https:\/\/unsplash.com\/@hectormorg?utm_content=creditCopyText&amp;utm_medium=referral&amp;utm_source=unsplash\">H\u00e9ctor Morales Guzm\u00e1n<\/a> on <a href=\"https:\/\/unsplash.com\/photos\/a-group-of-people-standing-around-in-a-park-HBUE6qUsat4?utm_content=creditCopyText&amp;utm_medium=referral&amp;utm_source=unsplash\">Unsplash<\/a><\/p>\t\t\t\t\t\t\t\t<\/div>\n\t\t\t\t<\/div>\n\t\t\t\t<\/div>\n\t\t<div class=\"elementor-element elementor-element-63ca726 e-flex e-con-boxed wpr-particle-no wpr-jarallax-no wpr-parallax-no wpr-sticky-section-no wpr-equal-height-no e-con e-parent\" data-id=\"63ca726\" data-element_type=\"container\" data-e-type=\"container\">\n\t\t\t\t\t<div class=\"e-con-inner\">\n\t\t<div class=\"elementor-element elementor-element-e1e8066 e-con-full e-flex wpr-particle-no wpr-jarallax-no wpr-parallax-no wpr-sticky-section-no wpr-equal-height-no e-con e-child\" data-id=\"e1e8066\" data-element_type=\"container\" data-e-type=\"container\" data-settings=\"{&quot;background_background&quot;:&quot;classic&quot;}\">\n\t\t<div class=\"elementor-element elementor-element-7372024 e-con-full e-flex wpr-particle-no wpr-jarallax-no wpr-parallax-no wpr-sticky-section-no wpr-equal-height-no e-con e-child\" data-id=\"7372024\" data-element_type=\"container\" data-e-type=\"container\">\n\t\t\t\t<div class=\"elementor-element elementor-element-5c53e26 elementor-widget__width-initial elementor-widget elementor-widget-text-editor\" data-id=\"5c53e26\" data-element_type=\"widget\" data-e-type=\"widget\" data-widget_type=\"text-editor.default\">\n\t\t\t\t<div class=\"elementor-widget-container\">\n\t\t\t\t\t\t\t\t\t<p>\u00a0 \u00a0 \u00a0 \u00a0 Le <strong data-start=\"105\" data-end=\"117\">coliving <\/strong>est \u00a0une <br \/>\u00a0 \u00a0 nouvelle mani\u00e8re de vivre <br \/>\u00a0ensemble, m\u00ealant confort priv\u00e9<br \/>et espaces communs pens\u00e9s pour <br \/>favoriser les \u00e9changes, la collaboration <br \/>et le bien-\u00eatre.<\/p><p style=\"padding-left: 40px;\">\u00c0 <strong data-start=\"325\" data-end=\"336\">Castres<\/strong>, cette exp\u00e9rience prend tout son sens. Ville \u00e0 taille humaine, chaleureuse et dynamique, Castres offre un cadre de vie agr\u00e9able entre nature, culture et convivialit\u00e9.\u00a0<\/p>\t\t\t\t\t\t\t\t<\/div>\n\t\t\t\t<\/div>\n\t\t\t\t<\/div>\n\t\t\t\t<\/div>\n\t\t\t\t\t<\/div>\n\t\t\t\t<\/div>\n\t\t<div class=\"elementor-element elementor-element-98fde8a e-con-full e-flex wpr-particle-no wpr-jarallax-no wpr-parallax-no wpr-sticky-section-no wpr-equal-height-no e-con e-parent\" data-id=\"98fde8a\" data-element_type=\"container\" data-e-type=\"container\">\n\t\t\t\t<div class=\"elementor-element elementor-element-78a4c17 elementor-widget elementor-widget-button\" data-id=\"78a4c17\" data-element_type=\"widget\" data-e-type=\"widget\" data-widget_type=\"button.default\">\n\t\t\t\t<div class=\"elementor-widget-container\">\n\t\t\t\t\t\t\t\t\t<div class=\"elementor-button-wrapper\">\n\t\t\t\t\t<a class=\"elementor-button elementor-button-link elementor-size-sm\" href=\"#vivre-ici\">\n\t\t\t\t\t\t<span class=\"elementor-button-content-wrapper\">\n\t\t\t\t\t\t\t\t\t<span class=\"elementor-button-text\">D\u00e9couvrir la ville<\/span>\n\t\t\t\t\t<\/span>\n\t\t\t\t\t<\/a>\n\t\t\t\t<\/div>\n\t\t\t\t\t\t\t\t<\/div>\n\t\t\t\t<\/div>\n\t\t\t\t<div class=\"elementor-element elementor-element-3c38159 elementor-widget elementor-widget-button\" data-id=\"3c38159\" data-element_type=\"widget\" data-e-type=\"widget\" data-widget_type=\"button.default\">\n\t\t\t\t<div class=\"elementor-widget-container\">\n\t\t\t\t\t\t\t\t\t<div class=\"elementor-button-wrapper\">\n\t\t\t\t\t<a class=\"elementor-button elementor-button-link elementor-size-sm\" href=\"#coliving\">\n\t\t\t\t\t\t<span class=\"elementor-button-content-wrapper\">\n\t\t\t\t\t\t\t\t\t<span class=\"elementor-button-text\">Comprendre le coliving<\/span>\n\t\t\t\t\t<\/span>\n\t\t\t\t\t<\/a>\n\t\t\t\t<\/div>\n\t\t\t\t\t\t\t\t<\/div>\n\t\t\t\t<\/div>\n\t\t\t\t<\/div>\n\t\t<div class=\"elementor-element elementor-element-956c3bb e-con-full e-flex wpr-particle-no wpr-jarallax-no wpr-parallax-no wpr-sticky-section-no wpr-equal-height-no e-con e-parent\" data-id=\"956c3bb\" data-element_type=\"container\" data-e-type=\"container\">\n\t\t\t\t<div class=\"elementor-element elementor-element-a424cca elementor-widget elementor-widget-text-editor\" data-id=\"a424cca\" data-element_type=\"widget\" data-e-type=\"widget\" data-widget_type=\"text-editor.default\">\n\t\t\t\t<div class=\"elementor-widget-container\">\n\t\t\t\t\t\t\t\t\t<p>Vivre ici, c\u2019est choisir un \u00e9quilibre entre nature, proximit\u00e9 et dynamisme. Entre Castres et Burlats, le cadre est id\u00e9al pour se concentrer sur soi, ses projets, et profiter du quotidien autrement.<\/p>\t\t\t\t\t\t\t\t<\/div>\n\t\t\t\t<\/div>\n\t\t\t\t<\/div>\n\t\t<div class=\"elementor-element elementor-element-9db1785 e-con-full e-flex wpr-particle-no wpr-jarallax-no wpr-parallax-no wpr-sticky-section-no wpr-equal-height-no e-con e-parent\" data-id=\"9db1785\" data-element_type=\"container\" data-e-type=\"container\">\n\t\t\t\t<div class=\"elementor-element elementor-element-808b56d elementor-widget elementor-widget-menu-anchor\" data-id=\"808b56d\" data-element_type=\"widget\" data-e-type=\"widget\" data-widget_type=\"menu-anchor.default\">\n\t\t\t\t<div class=\"elementor-widget-container\">\n\t\t\t\t\t\t\t<div class=\"elementor-menu-anchor\" id=\"vivre-ici\"><\/div>\n\t\t\t\t\t\t<\/div>\n\t\t\t\t<\/div>\n\t\t<div class=\"elementor-element elementor-element-994b447 e-con-full e-flex wpr-particle-no wpr-jarallax-no wpr-parallax-no wpr-sticky-section-no wpr-equal-height-no e-con e-child\" data-id=\"994b447\" data-element_type=\"container\" data-e-type=\"container\" data-settings=\"{&quot;background_background&quot;:&quot;classic&quot;}\">\n\t\t<div class=\"elementor-element elementor-element-e989d69 e-con-full e-flex wpr-particle-no wpr-jarallax-no wpr-parallax-no wpr-sticky-section-no wpr-equal-height-no e-con e-child\" data-id=\"e989d69\" data-element_type=\"container\" data-e-type=\"container\">\n\t\t\t\t<div class=\"elementor-element elementor-element-0e5948a elementor-widget elementor-widget-heading\" data-id=\"0e5948a\" data-element_type=\"widget\" data-e-type=\"widget\" data-widget_type=\"heading.default\">\n\t\t\t\t<div class=\"elementor-widget-container\">\n\t\t\t\t\t<h2 class=\"elementor-heading-title elementor-size-default\">Les Salvages \u2014 Burlats<\/h2>\t\t\t\t<\/div>\n\t\t\t\t<\/div>\n\t\t\t\t<\/div>\n\t\t<div class=\"elementor-element elementor-element-cb0e668 e-con-full e-flex wpr-particle-no wpr-jarallax-no wpr-parallax-no wpr-sticky-section-no wpr-equal-height-no e-con e-child\" data-id=\"cb0e668\" data-element_type=\"container\" data-e-type=\"container\">\n\t\t<div class=\"elementor-element elementor-element-13facd5 e-con-full e-flex wpr-particle-no wpr-jarallax-no wpr-parallax-no wpr-sticky-section-no wpr-equal-height-no e-con e-child\" data-id=\"13facd5\" data-element_type=\"container\" data-e-type=\"container\" data-settings=\"{&quot;background_background&quot;:&quot;classic&quot;}\">\n\t\t\t\t<\/div>\n\t\t\t\t<div class=\"elementor-element elementor-element-12be2f9 elementor-widget elementor-widget-text-editor\" data-id=\"12be2f9\" data-element_type=\"widget\" data-e-type=\"widget\" data-widget_type=\"text-editor.default\">\n\t\t\t\t<div class=\"elementor-widget-container\">\n\t\t\t\t\t\t\t\t\t<p>Burlats offre \u00e0 ses visiteurs et habitants, un cadre de vie paisible entre for\u00eats verdoyantes, cours d&#8217;eau et sentiers de randonn\u00e9es.<\/p><p>Rivi\u00e8res et cascades animent et sculptent le paysage o\u00f9 se c\u00f4toient p\u00eacheurs, adeptes du cano\u00eb kayak ou de l\u2019escalade.<\/p>\t\t\t\t\t\t\t\t<\/div>\n\t\t\t\t<\/div>\n\t\t\t\t<\/div>\n\t\t<div class=\"elementor-element elementor-element-a1a9e93 e-con-full e-flex wpr-particle-no wpr-jarallax-no wpr-parallax-no wpr-sticky-section-no wpr-equal-height-no e-con e-child\" data-id=\"a1a9e93\" data-element_type=\"container\" data-e-type=\"container\" data-settings=\"{&quot;background_background&quot;:&quot;classic&quot;}\">\n\t\t\t\t<\/div>\n\t\t<div class=\"elementor-element elementor-element-5b3a120 e-con-full e-flex wpr-particle-no wpr-jarallax-no wpr-parallax-no wpr-sticky-section-no wpr-equal-height-no e-con e-child\" data-id=\"5b3a120\" data-element_type=\"container\" data-e-type=\"container\">\n\t\t\t\t<div class=\"elementor-element elementor-element-364db40 elementor-widget elementor-widget-text-editor\" data-id=\"364db40\" data-element_type=\"widget\" data-e-type=\"widget\" data-widget_type=\"text-editor.default\">\n\t\t\t\t<div class=\"elementor-widget-container\">\n\t\t\t\t\t\t\t\t\t<ul><li data-start=\"771\" data-end=\"850\"><p data-start=\"773\" data-end=\"850\"><strong data-start=\"773\" data-end=\"804\">Arr\u00eat de bus \u201cLes Salvages\u201d<\/strong> en face (lignes r\u00e9guli\u00e8res vers Castres).<\/p><\/li><li data-start=\"853\" data-end=\"929\"><p data-start=\"855\" data-end=\"929\"><strong>\u00c0 seulement 5 minutes<\/strong> \u00e0 v\u00e9lo du Campus Universitaire.<\/p><\/li><li data-start=\"932\" data-end=\"1000\"><p data-start=\"934\" data-end=\"1000\"><strong data-start=\"934\" data-end=\"954\">Pistes cyclables<\/strong> et routes s\u00e9curis\u00e9es pour se d\u00e9placer \u00e0 v\u00e9lo.<\/p><\/li><\/ul>\t\t\t\t\t\t\t\t<\/div>\n\t\t\t\t<\/div>\n\t\t<div class=\"elementor-element elementor-element-900f4e4 e-con-full e-flex wpr-particle-no wpr-jarallax-no wpr-parallax-no wpr-sticky-section-no wpr-equal-height-no e-con e-child\" data-id=\"900f4e4\" data-element_type=\"container\" data-e-type=\"container\" data-settings=\"{&quot;background_background&quot;:&quot;classic&quot;}\">\n\t\t\t\t<\/div>\n\t\t\t\t<\/div>\n\t\t\t\t<\/div>\n\t\t<div class=\"elementor-element elementor-element-aacbeee e-con-full e-flex wpr-particle-no wpr-jarallax-no wpr-parallax-no wpr-sticky-section-no wpr-equal-height-no e-con e-child\" data-id=\"aacbeee\" data-element_type=\"container\" data-e-type=\"container\" data-settings=\"{&quot;background_background&quot;:&quot;classic&quot;}\">\n\t\t\t\t<\/div>\n\t\t\t\t<\/div>\n\t\t<div class=\"elementor-element elementor-element-5b3d0cc e-con-full e-flex wpr-particle-no wpr-jarallax-no wpr-parallax-no wpr-sticky-section-no wpr-equal-height-no e-con e-parent\" data-id=\"5b3d0cc\" data-element_type=\"container\" data-e-type=\"container\">\n\t\t<div class=\"elementor-element elementor-element-00332de e-con-full e-flex wpr-particle-no wpr-jarallax-no wpr-parallax-no wpr-sticky-section-no wpr-equal-height-no e-con e-child\" data-id=\"00332de\" data-element_type=\"container\" data-e-type=\"container\" data-settings=\"{&quot;background_background&quot;:&quot;classic&quot;}\">\n\t\t<div class=\"elementor-element elementor-element-76b4613 e-con-full e-flex wpr-particle-no wpr-jarallax-no wpr-parallax-no wpr-sticky-section-no wpr-equal-height-no e-con e-child\" data-id=\"76b4613\" data-element_type=\"container\" data-e-type=\"container\">\n\t\t\t\t<div class=\"elementor-element elementor-element-1064b88 elementor-widget elementor-widget-image\" data-id=\"1064b88\" data-element_type=\"widget\" data-e-type=\"widget\" data-widget_type=\"image.default\">\n\t\t\t\t<div class=\"elementor-widget-container\">\n\t\t\t\t\t\t\t\t\t\t\t\t\t\t\t<img alt=\"\" fetchpriority=\"high\" decoding=\"async\" width=\"800\" height=\"800\" src=\"https:\/\/coliv-castres.com\/wp-content\/uploads\/2025\/06\/Superette-des-salvages-Coliv-Castres-1-1024x1024.png\" class=\"attachment-large size-large wp-image-649\" alt=\"\" srcset=\"https:\/\/coliv-castres.com\/wp-content\/uploads\/2025\/06\/Superette-des-salvages-Coliv-Castres-1-1024x1024.png 1024w, https:\/\/coliv-castres.com\/wp-content\/uploads\/2025\/06\/Superette-des-salvages-Coliv-Castres-1-300x300.png 300w, https:\/\/coliv-castres.com\/wp-content\/uploads\/2025\/06\/Superette-des-salvages-Coliv-Castres-1-150x150.png 150w, https:\/\/coliv-castres.com\/wp-content\/uploads\/2025\/06\/Superette-des-salvages-Coliv-Castres-1-768x768.png 768w, https:\/\/coliv-castres.com\/wp-content\/uploads\/2025\/06\/Superette-des-salvages-Coliv-Castres-1.png 1181w\" sizes=\"(max-width: 800px) 100vw, 800px\" \/>\t\t\t\t\t\t\t\t\t\t\t\t\t\t\t<\/div>\n\t\t\t\t<\/div>\n\t\t\t\t<\/div>\n\t\t<div class=\"elementor-element elementor-element-2c34db4 e-con-full e-flex wpr-particle-no wpr-jarallax-no wpr-parallax-no wpr-sticky-section-no wpr-equal-height-no e-con e-child\" data-id=\"2c34db4\" data-element_type=\"container\" data-e-type=\"container\">\n\t\t\t\t<div class=\"elementor-element elementor-element-4a4d776 elementor-widget elementor-widget-heading\" data-id=\"4a4d776\" data-element_type=\"widget\" data-e-type=\"widget\" data-widget_type=\"heading.default\">\n\t\t\t\t<div class=\"elementor-widget-container\">\n\t\t\t\t\t<h2 class=\"elementor-heading-title elementor-size-default\">A proximit\u00e9<\/h2>\t\t\t\t<\/div>\n\t\t\t\t<\/div>\n\t\t\t\t<div class=\"elementor-element elementor-element-d7a20ba elementor-widget elementor-widget-text-editor\" data-id=\"d7a20ba\" data-element_type=\"widget\" data-e-type=\"widget\" data-widget_type=\"text-editor.default\">\n\t\t\t\t<div class=\"elementor-widget-container\">\n\t\t\t\t\t\t\t\t\t<p data-start=\"1402\" data-end=\"1440\">Tout \u00e0 port\u00e9e de main :<\/p><ul data-start=\"1441\" data-end=\"1803\"><li data-start=\"1441\" data-end=\"1535\"><p data-start=\"1443\" data-end=\"1535\"><strong>Sup\u00e9rette<\/strong> pratique, point relais, produits du quotidien.<\/p><\/li><li data-start=\"1536\" data-end=\"1599\"><p data-start=\"1538\" data-end=\"1599\"><strong data-start=\"1538\" data-end=\"1554\">Boulangeries<\/strong> locales.<\/p><\/li><li data-start=\"1600\" data-end=\"1661\"><p data-start=\"1602\" data-end=\"1661\"><strong data-start=\"1602\" data-end=\"1615\">Coiffeurs<\/strong> et <strong data-start=\"1619\" data-end=\"1642\">instituts de beaut\u00e9<\/strong> dans les environs.<\/p><\/li><li data-start=\"1662\" data-end=\"1726\"><p data-start=\"1664\" data-end=\"1726\"><strong data-start=\"1664\" data-end=\"1692\">Restaurants et pizzerias<\/strong> accessibles \u00e0 pied ou en voiture.<\/p><\/li><li data-start=\"1727\" data-end=\"1803\"><p data-start=\"1729\" data-end=\"1803\"><strong data-start=\"1729\" data-end=\"1750\">March\u00e9 de Castres<\/strong> plusieurs fois par semaine, pour les produits frais.<\/p><\/li><\/ul>\t\t\t\t\t\t\t\t<\/div>\n\t\t\t\t<\/div>\n\t\t\t\t<div class=\"elementor-element elementor-element-8db3acd elementor-widget elementor-widget-text-editor\" data-id=\"8db3acd\" data-element_type=\"widget\" data-e-type=\"widget\" data-widget_type=\"text-editor.default\">\n\t\t\t\t<div class=\"elementor-widget-container\">\n\t\t\t\t\t\t\t\t\t<p><a href=\"https:\/\/www.tourisme-tarn.com\/decouvrir\/incontournables\/bastides-villages\/villages\/burlats\/\">En savoir plus&#8230;<\/a><\/p>\t\t\t\t\t\t\t\t<\/div>\n\t\t\t\t<\/div>\n\t\t\t\t<div class=\"elementor-element elementor-element-2faaf8a elementor-widget elementor-widget-menu-anchor\" data-id=\"2faaf8a\" data-element_type=\"widget\" data-e-type=\"widget\" data-widget_type=\"menu-anchor.default\">\n\t\t\t\t<div class=\"elementor-widget-container\">\n\t\t\t\t\t\t\t<div class=\"elementor-menu-anchor\" id=\"coliving\"><\/div>\n\t\t\t\t\t\t<\/div>\n\t\t\t\t<\/div>\n\t\t\t\t<\/div>\n\t\t\t\t<\/div>\n\t\t\t\t<\/div>\n\t\t<div class=\"elementor-element elementor-element-f447a23 e-con-full e-flex wpr-particle-no wpr-jarallax-no wpr-parallax-no wpr-sticky-section-no wpr-equal-height-no e-con e-parent\" data-id=\"f447a23\" data-element_type=\"container\" data-e-type=\"container\">\n\t\t<div class=\"elementor-element elementor-element-c7e146b e-con-full e-flex wpr-particle-no wpr-jarallax-no wpr-parallax-no wpr-sticky-section-no wpr-equal-height-no e-con e-child\" data-id=\"c7e146b\" data-element_type=\"container\" data-e-type=\"container\" data-settings=\"{&quot;background_background&quot;:&quot;classic&quot;}\">\n\t\t<div class=\"elementor-element elementor-element-d1a6019 e-con-full e-flex wpr-particle-no wpr-jarallax-no wpr-parallax-no wpr-sticky-section-no wpr-equal-height-no e-con e-child\" data-id=\"d1a6019\" data-element_type=\"container\" data-e-type=\"container\">\n\t\t<div class=\"elementor-element elementor-element-493331a e-con-full e-flex wpr-particle-no wpr-jarallax-no wpr-parallax-no wpr-sticky-section-no wpr-equal-height-no e-con e-child\" data-id=\"493331a\" data-element_type=\"container\" data-e-type=\"container\">\n\t\t\t\t<div class=\"elementor-element elementor-element-33019c9 elementor-widget elementor-widget-heading\" data-id=\"33019c9\" data-element_type=\"widget\" data-e-type=\"widget\" data-widget_type=\"heading.default\">\n\t\t\t\t<div class=\"elementor-widget-container\">\n\t\t\t\t\t<h2 class=\"elementor-heading-title elementor-size-default\">Le coliving, c'est quoi?<\/h2>\t\t\t\t<\/div>\n\t\t\t\t<\/div>\n\t\t\t\t<div class=\"elementor-element elementor-element-5239bff elementor-widget elementor-widget-text-editor\" data-id=\"5239bff\" data-element_type=\"widget\" data-e-type=\"widget\" data-widget_type=\"text-editor.default\">\n\t\t\t\t<div class=\"elementor-widget-container\">\n\t\t\t\t\t\t\t\t\t<p data-start=\"2229\" data-end=\"2419\">Le coliving, c\u2019est un mode de vie hybride entre logement priv\u00e9 et espaces partag\u00e9s. Une solution flexible, conviviale et moderne, pens\u00e9e pour celles et ceux qui veulent plus que quatre murs.<\/p>\t\t\t\t\t\t\t\t<\/div>\n\t\t\t\t<\/div>\n\t\t\t\t<div class=\"elementor-element elementor-element-3ca91a1 elementor-widget elementor-widget-text-editor\" data-id=\"3ca91a1\" data-element_type=\"widget\" data-e-type=\"widget\" data-widget_type=\"text-editor.default\">\n\t\t\t\t<div class=\"elementor-widget-container\">\n\t\t\t\t\t\t\t\t\t<h3 data-start=\"2426\" data-end=\"2472\"><strong data-start=\"2433\" data-end=\"2472\">Concr\u00e8tement, \u00e7a ressemble \u00e0 quoi ?<\/strong><\/h3><ul data-start=\"2473\" data-end=\"2688\"><li data-start=\"2473\" data-end=\"2523\"><p data-start=\"2475\" data-end=\"2523\"><strong data-start=\"2475\" data-end=\"2501\">Chambre priv\u00e9e meubl\u00e9e<\/strong> avec tout le confort.<\/p><\/li><li data-start=\"2524\" data-end=\"2611\"><p data-start=\"2526\" data-end=\"2611\"><strong data-start=\"2526\" data-end=\"2545\">Espaces communs<\/strong> partag\u00e9s : cuisine, salon, buanderie, parfois jardin ou terrasse.<\/p><\/li><li data-start=\"2612\" data-end=\"2688\"><p data-start=\"2614\" data-end=\"2688\"><strong data-start=\"2614\" data-end=\"2633\">Services inclus<\/strong> : wifi, \u00e9lectricit\u00e9, m\u00e9nage des parties communes, etc.<\/p><\/li><\/ul>\t\t\t\t\t\t\t\t<\/div>\n\t\t\t\t<\/div>\n\t\t\t\t<\/div>\n\t\t<div class=\"elementor-element elementor-element-d6e4153 e-con-full e-flex wpr-particle-no wpr-jarallax-no wpr-parallax-no wpr-sticky-section-no wpr-equal-height-no e-con e-child\" data-id=\"d6e4153\" data-element_type=\"container\" data-e-type=\"container\" data-settings=\"{&quot;background_background&quot;:&quot;classic&quot;}\">\n\t\t\t\t<\/div>\n\t\t\t\t<\/div>\n\t\t<div class=\"elementor-element elementor-element-e079ab4 e-con-full e-flex wpr-particle-no wpr-jarallax-no wpr-parallax-no wpr-sticky-section-no wpr-equal-height-no e-con e-child\" data-id=\"e079ab4\" data-element_type=\"container\" data-e-type=\"container\">\n\t\t<div class=\"elementor-element elementor-element-07afd77 e-con-full e-flex wpr-particle-no wpr-jarallax-no wpr-parallax-no wpr-sticky-section-no wpr-equal-height-no e-con e-child\" data-id=\"07afd77\" data-element_type=\"container\" data-e-type=\"container\" data-settings=\"{&quot;background_background&quot;:&quot;classic&quot;}\">\n\t\t\t\t<\/div>\n\t\t\t\t<div class=\"elementor-element elementor-element-953be2a elementor-widget elementor-widget-text-editor\" data-id=\"953be2a\" data-element_type=\"widget\" data-e-type=\"widget\" data-widget_type=\"text-editor.default\">\n\t\t\t\t<div class=\"elementor-widget-container\">\n\t\t\t\t\t\t\t\t\t<h3 data-start=\"2695\" data-end=\"2734\"><strong data-start=\"2702\" data-end=\"2734\">Une communaut\u00e9 bienveillante<\/strong><\/h3><ul data-start=\"2735\" data-end=\"2902\"><li data-start=\"2735\" data-end=\"2780\"><p data-start=\"2737\" data-end=\"2780\">Rencontres faciles avec d&#8217;autres habitants.<\/p><\/li><li data-start=\"2781\" data-end=\"2840\"><p data-start=\"2783\" data-end=\"2840\">\u00c9changes autour de repas, ateliers ou soir\u00e9es organis\u00e9es.<\/p><\/li><li data-start=\"2841\" data-end=\"2902\"><p data-start=\"2843\" data-end=\"2902\">Pas d&#8217;obligation de sociabiliser \u2014 chacun vit \u00e0 son rythme.<\/p><\/li><\/ul><hr \/><h3 data-start=\"2909\" data-end=\"2930\"><strong data-start=\"2916\" data-end=\"2930\">Pour qui ?<\/strong><\/h3><ul data-start=\"2931\" data-end=\"3076\"><li data-start=\"2931\" data-end=\"2942\"><p data-start=\"2933\" data-end=\"2942\">\u00c9tudiants<\/p><\/li><li data-start=\"2943\" data-end=\"2958\"><p data-start=\"2945\" data-end=\"2958\">Jeunes actifs<\/p><\/li><li data-start=\"3021\" data-end=\"3076\"><p data-start=\"3023\" data-end=\"3076\">Personnes en transition (stage, mission courte, etc.)<\/p><\/li><\/ul>\t\t\t\t\t\t\t\t<\/div>\n\t\t\t\t<\/div>\n\t\t\t\t<\/div>\n\t\t\t\t<\/div>\n\t\t\t\t<\/div>\n\t\t\t\t<\/div>\n\t\t","protected":false},"excerpt":{"rendered":"<p>Vivre ici Photo by H\u00e9ctor Morales Guzm\u00e1n on Unsplash \u00a0 \u00a0 \u00a0 \u00a0 Le coliving est \u00a0une \u00a0 \u00a0 nouvelle mani\u00e8re de vivre \u00a0ensemble, m\u00ealant confort priv\u00e9et espaces communs pens\u00e9s pour favoriser les \u00e9changes, la collaboration et le bien-\u00eatre. \u00c0 Castres, cette exp\u00e9rience prend tout son sens. Ville \u00e0 taille humaine, chaleureuse et dynamique, Castres offre un cadre de vie agr\u00e9able entre nature, culture et convivialit\u00e9.\u00a0 D\u00e9couvrir la ville Comprendre le coliving Vivre ici, c\u2019est choisir un \u00e9quilibre entre nature, proximit\u00e9 et dynamisme. Entre Castres et Burlats, le cadre est id\u00e9al pour se concentrer sur soi, ses projets, et profiter du quotidien autrement. Les Salvages \u2014 Burlats Burlats offre \u00e0 ses visiteurs et habitants, un cadre de vie paisible entre for\u00eats verdoyantes, cours d&#8217;eau et sentiers de randonn\u00e9es. Rivi\u00e8res et cascades animent et sculptent le paysage o\u00f9 se c\u00f4toient p\u00eacheurs, adeptes du cano\u00eb kayak ou de l\u2019escalade. Arr\u00eat de bus \u201cLes Salvages\u201d en face (lignes r\u00e9guli\u00e8res vers Castres). \u00c0 seulement 5 minutes \u00e0 v\u00e9lo du Campus Universitaire. Pistes cyclables et routes s\u00e9curis\u00e9es pour se d\u00e9placer \u00e0 v\u00e9lo. A proximit\u00e9 Tout \u00e0 port\u00e9e de main : Sup\u00e9rette pratique, point relais, produits du quotidien. Boulangeries locales. Coiffeurs et instituts de beaut\u00e9 dans les environs. Restaurants et pizzerias accessibles \u00e0 pied ou en voiture. March\u00e9 de Castres plusieurs fois par semaine, pour les produits frais. En savoir plus&#8230; Le coliving, c&#8217;est quoi? Le coliving, c\u2019est un mode de vie hybride entre logement priv\u00e9 et espaces partag\u00e9s. Une solution flexible, conviviale et moderne, pens\u00e9e pour celles et ceux qui veulent plus que quatre murs. Concr\u00e8tement, \u00e7a ressemble \u00e0 quoi ? Chambre priv\u00e9e meubl\u00e9e avec tout le confort. Espaces communs partag\u00e9s : cuisine, salon, buanderie, parfois jardin ou terrasse. Services inclus : wifi, \u00e9lectricit\u00e9, m\u00e9nage des parties communes, etc. Une communaut\u00e9 bienveillante Rencontres faciles avec d&#8217;autres habitants. \u00c9changes autour de repas, ateliers ou soir\u00e9es organis\u00e9es. Pas d&#8217;obligation de sociabiliser \u2014 chacun vit \u00e0 son rythme. Pour qui ? \u00c9tudiants Jeunes actifs Personnes en transition (stage, mission courte, etc.)<\/p>\n","protected":false},"author":1,"featured_media":0,"parent":0,"menu_order":0,"comment_status":"closed","ping_status":"closed","template":"","meta":{"_acf_changed":false,"_seopress_robots_primary_cat":"","_seopress_titles_title":"Vivre \u00e0 Coliv\u2019 Castres \u2013 L\u2019exp\u00e9rience coliving dans une ville \u00e0 taille humaine","_seopress_titles_desc":"Coliving, entraide et convivialit\u00e9 : vivez une exp\u00e9rience enrichissante \u00e0 Castres, une ville \u00e9tudiante au c\u0153ur du Tarn.","_seopress_robots_index":"","footnotes":""},"class_list":["post-20","page","type-page","status-publish","hentry"],"acf":[],"jetpack_sharing_enabled":true,"_links":{"self":[{"href":"https:\/\/coliv-castres.com\/index.php?rest_route=\/wp\/v2\/pages\/20","targetHints":{"allow":["GET"]}}],"collection":[{"href":"https:\/\/coliv-castres.com\/index.php?rest_route=\/wp\/v2\/pages"}],"about":[{"href":"https:\/\/coliv-castres.com\/index.php?rest_route=\/wp\/v2\/types\/page"}],"author":[{"embeddable":true,"href":"https:\/\/coliv-castres.com\/index.php?rest_route=\/wp\/v2\/users\/1"}],"replies":[{"embeddable":true,"href":"https:\/\/coliv-castres.com\/index.php?rest_route=%2Fwp%2Fv2%2Fcomments&post=20"}],"version-history":[{"count":261,"href":"https:\/\/coliv-castres.com\/index.php?rest_route=\/wp\/v2\/pages\/20\/revisions"}],"predecessor-version":[{"id":1043,"href":"https:\/\/coliv-castres.com\/index.php?rest_route=\/wp\/v2\/pages\/20\/revisions\/1043"}],"wp:attachment":[{"href":"https:\/\/coliv-castres.com\/index.php?rest_route=%2Fwp%2Fv2%2Fmedia&parent=20"}],"curies":[{"name":"wp","href":"https:\/\/api.w.org\/{rel}","templated":true}]}}